{"id":64,"date":"2012-07-27T07:33:48","date_gmt":"2012-07-27T07:33:48","guid":{"rendered":"http:\/\/www.carmenborregopla.es\/victoria\/?page_id=64"},"modified":"2012-09-26T23:18:38","modified_gmt":"2012-09-26T23:18:38","slug":"web-el-maestro-sierra","status":"publish","type":"page","link":"https:\/\/www.carmenborregopla.es\/victoria\/web-el-maestro-sierra\/","title":{"rendered":"Web El Maestro Sierra"},"content":{"rendered":"<p><img loading=\"lazy\" class=\"alignleft size-full wp-image-473\" title=\"Web El Maestro Sierra\" src=\"http:\/\/www.carmenborregopla.es\/victoria\/wp-content\/uploads\/2012\/07\/042_MCBP.jpg\" alt=\"\" width=\"710\" height=\"281\" srcset=\"https:\/\/www.carmenborregopla.es\/victoria\/wp-content\/uploads\/2012\/07\/042_MCBP.jpg 710w, https:\/\/www.carmenborregopla.es\/victoria\/wp-content\/uploads\/2012\/07\/042_MCBP-300x118.jpg 300w\" sizes=\"(max-width: 710px) 100vw, 710px\" \/><\/p>\n<address>Imagen emblem\u00e1tica que la bodega utiliza desde hace d\u00e9cadas en sus etiquetas. El original fue pintado por azulejeros de Triana a principios del siglo XX como homenaje a la calidad de sus vinos y se encuentra en el antiguo restaurante \u201cLa Alicantina\u201c en la plaza del Salvador, en el centro de Sevilla.<\/address>\n<p>&nbsp;<\/p>\n<p><em>El Jerez no es simplemente un vino.<\/em>\u00a0Como afirma Maria del Carmen Borrego Pl\u00e1 en su ponencia \u201cVinum Ceretanum\u201d: el inicio de un patrimonio cultural, <strong>\u201c<\/strong><strong>el vino para esta tierra es una se\u00f1al de identidad, presente en la literatura, en la historia, en la religi\u00f3n, en las fiestas y en el m\u00e1s hondo sentir de nuestro pueblo.\u00a0 Cuesti\u00f3n \u00e9sta nada extra\u00f1a, si tenemos en cuenta que todas las grandes culturas, fundamentalmente las de la cuenca mediterr\u00e1nea, han consumido vino\u201d.<\/strong><\/p>\n<p>Precisamente por ello, para la bodega El Maestro Sierra, Primus Inter Pares, constituye una obligaci\u00f3n contribuir a preservar, al igual que lo hace con la calidad de sus vinos, el esp\u00edritu de la cultura de este generoso inigualable con m\u00e1s de dos mil a\u00f1os de historia y m\u00e1s de quinientos de carta de naturaleza.<\/p>\n<p>Los vinos de El Maestro Sierra, algunos con una vejez cercana a los 80 a\u00f1os, son jereces de extraordinaria calidad, criados y envejecidos siguiendo la tradici\u00f3n artesana de una familia que ha conservado esos modos durante dos siglos. El trabajo hecho a mano y el paso del tiempo como aliado, han conseguido que estos vinos se sit\u00faen en los est\u00e1ndares de calidad m\u00e1s altos y que la bodega, por s\u00ed misma, se haya situado como una de las 100 mejores bodegas del mundo en el a\u00f1o 2011, seg\u00fan la prestigiosa Wine &amp; Spirits Magazine.<\/p>\n<p>M\u00e1s informaci\u00f3n: <a href=\"http:\/\/www.maestrosierra.com\">www.maestrosierra.com<\/a><\/p>\n","protected":false},"excerpt":{"rendered":"<p>Imagen emblem\u00e1tica que la bodega utiliza desde hace d\u00e9cadas en sus etiquetas. El original fue pintado por azulejeros de Triana a principios del siglo XX como homenaje a la calidad de sus vinos y se encuentra en el antiguo restaurante \u201cLa Alicantina\u201c en la plaza del Salvador, en el centro de Sevilla. &nbsp; El Jerez [&hellip;]<\/p>\n","protected":false},"author":1,"featured_media":0,"parent":0,"menu_order":0,"comment_status":"open","ping_status":"open","template":"","meta":[],"_links":{"self":[{"href":"https:\/\/www.carmenborregopla.es\/victoria\/wp-json\/wp\/v2\/pages\/64"}],"collection":[{"href":"https:\/\/www.carmenborregopla.es\/victoria\/wp-json\/wp\/v2\/pages"}],"about":[{"href":"https:\/\/www.carmenborregopla.es\/victoria\/wp-json\/wp\/v2\/types\/page"}],"author":[{"embeddable":true,"href":"https:\/\/www.carmenborregopla.es\/victoria\/wp-json\/wp\/v2\/users\/1"}],"replies":[{"embeddable":true,"href":"https:\/\/www.carmenborregopla.es\/victoria\/wp-json\/wp\/v2\/comments?post=64"}],"version-history":[{"count":13,"href":"https:\/\/www.carmenborregopla.es\/victoria\/wp-json\/wp\/v2\/pages\/64\/revisions"}],"predecessor-version":[{"id":474,"href":"https:\/\/www.carmenborregopla.es\/victoria\/wp-json\/wp\/v2\/pages\/64\/revisions\/474"}],"wp:attachment":[{"href":"https:\/\/www.carmenborregopla.es\/victoria\/wp-json\/wp\/v2\/media?parent=64"}],"curies":[{"name":"wp","href":"https:\/\/api.w.org\/{rel}","templated":true}]}}

<p><img loading="lazy" class="alignleft size-full wp-image-473" title="Web El Maestro Sierra" src="http://www.carmenborregopla.es/victoria/wp-content/uploads/2012/07/042_MCBP.jpg" alt="" width="710" height="281" srcset="https://www.carmenborregopla.es/victoria/wp-content/uploads/2012/07/042_MCBP.jpg 710w, https://www.carmenborregopla.es/victoria/wp-content/uploads/2012/07/042_MCBP-300x118.jpg 300w" sizes="(max-width: 710px) 100vw, 710px" /></p>
<address>Imagen emblemática que la bodega utiliza desde hace décadas en sus etiquetas. El original fue pintado por azulejeros de Triana a principios del siglo XX como homenaje a la calidad de sus vinos y se encuentra en el antiguo restaurante “La Alicantina“ en la plaza del Salvador, en el centro de Sevilla.</address>
<p>&nbsp;</p>
<p><em>El Jerez no es simplemente un vino.</em> Como afirma Maria del Carmen Borrego Plá en su ponencia “Vinum Ceretanum”: el inicio de un patrimonio cultural, <strong>“</strong><strong>el vino para esta tierra es una señal de identidad, presente en la literatura, en la historia, en la religión, en las fiestas y en el más hondo sentir de nuestro pueblo.  Cuestión ésta nada extraña, si tenemos en cuenta que todas las grandes culturas, fundamentalmente las de la cuenca mediterránea, han consumido vino”.</strong></p>
<p>Precisamente por ello, para la bodega El Maestro Sierra, Primus Inter Pares, constituye una obligación contribuir a preservar, al igual que lo hace con la calidad de sus vinos, el espíritu de la cultura de este generoso inigualable con más de dos mil años de historia y más de quinientos de carta de naturaleza.</p>
<p>Los vinos de El Maestro Sierra, algunos con una vejez cercana a los 80 años, son jereces de extraordinaria calidad, criados y envejecidos siguiendo la tradición artesana de una familia que ha conservado esos modos durante dos siglos. El trabajo hecho a mano y el paso del tiempo como aliado, han conseguido que estos vinos se sitúen en los estándares de calidad más altos y que la bodega, por sí misma, se haya situado como una de las 100 mejores bodegas del mundo en el año 2011, según la prestigiosa Wine &amp; Spirits Magazine.</p>
<p>Más información: <a href="http://www.maestrosierra.com">www.maestrosierra.com</a></p>

<p>Imagen emblemática que la bodega utiliza desde hace décadas en sus etiquetas. El original fue pintado por azulejeros de Triana a principios del siglo XX como homenaje a la calidad de sus vinos y se encuentra en el antiguo restaurante “La Alicantina“ en la plaza del Salvador, en el centro de Sevilla. &nbsp; El Jerez [&hellip;]</p>
