{"id":483,"date":"2012-09-26T08:13:26","date_gmt":"2012-09-26T08:13:26","guid":{"rendered":"http:\/\/www.carmenborregopla.es\/victoria\/?page_id=483"},"modified":"2012-10-03T11:39:42","modified_gmt":"2012-10-03T11:39:42","slug":"inicio","status":"publish","type":"page","link":"https:\/\/www.carmenborregopla.es\/victoria\/","title":{"rendered":"\u201cSiempre adelante\u201d"},"content":{"rendered":"<p><img loading=\"lazy\" class=\"wp-image-484 alignleft\" title=\"Siempre adelante\" src=\"http:\/\/www.carmenborregopla.es\/victoria\/wp-content\/uploads\/2012\/09\/002_MCBP.jpg\" alt=\"\" width=\"497\" height=\"470\" srcset=\"https:\/\/www.carmenborregopla.es\/victoria\/wp-content\/uploads\/2012\/09\/002_MCBP.jpg 710w, https:\/\/www.carmenborregopla.es\/victoria\/wp-content\/uploads\/2012\/09\/002_MCBP-300x283.jpg 300w\" sizes=\"(max-width: 497px) 100vw, 497px\" \/><\/p>\n<address>La Nao Victoria, primera en circunnavegar el globo, representa y a\u00fana los cuatro ejes de investigaci\u00f3n de Borrego Pl\u00e1: Espa\u00f1a y Andaluc\u00eda, puntos de partida de sus viajes, Am\u00e9rica, punto esencial de referencia, y Jerez, a trav\u00e9s de sus vinos, compa\u00f1eros de viaje de esta traves\u00eda. La imagen recoge el detalle en un mapa de Abraham Ortelius, fechado en 1589.<\/p>\n<p>&nbsp;<\/p>\n<p>&nbsp;<\/p>\n<p>&nbsp;<\/p>\n<p>&nbsp;<\/p>\n<p>&nbsp;<\/p>\n<p>&nbsp;<\/p>\n<p>&nbsp;<\/p>\n<p><strong><em>\u201cEl 6 de septiembre de 1522 llegaba a Sanl\u00facar de Barrameda la Nao Victoria, \u201cLa Victoria\u201d, despu\u00e9s de m\u00e1s de tres a\u00f1os de penosa traves\u00eda.\u00a0 Su haza\u00f1a: ser el primer nav\u00edo en circunnavegar el planeta, en un viaje iniciado con un Magallanes que perder\u00eda la vida en el trayecto y finalizado con Juan Sebasti\u00e1n Elcano como jefe de la expedici\u00f3n. Tan s\u00f3lo 18 hombres y una sola nave regresar\u00edan como supervivientes de los 237 tripulantes y cinco naos que partieron en 1519.<\/em><\/strong><\/p>\n<p><strong><em>La estampa de Ortelius resume el esp\u00edritu pionero y descubridor de una \u00e9poca apasionante que ha sido objeto de estudio detallado por nuestra parte. Si a ello le sumamos que esta gesta, con el lema \u201csiempre adelante\u201d, hab\u00eda comenzado con las bodegas de las naves repletas de vino de Jerez, 508 botas de 30 arrobas, para el abasto de la mariner\u00eda y como vaticinio de la internacionalizaci\u00f3n que le llegar\u00eda a nuestro vino, encontramos que en ella se resumen todos los elementos que hemos abordado con entusiasmo cient\u00edfico durante toda nuestra vida acad\u00e9mica y profesional\u201d.<\/em><\/strong><\/p>\n<p><em>\u00a0<\/em><\/p>\n<h6><em>Mar\u00eda del Carmen Borrego Pl\u00e1<\/em><\/h6>\n<div><\/div>\n<\/address>\n","protected":false},"excerpt":{"rendered":"<p>La Nao Victoria, primera en circunnavegar el globo, representa y a\u00fana los cuatro ejes de investigaci\u00f3n de Borrego Pl\u00e1: Espa\u00f1a y Andaluc\u00eda, puntos de partida de sus viajes, Am\u00e9rica, punto esencial de referencia, y Jerez, a trav\u00e9s de sus vinos, compa\u00f1eros de viaje de esta traves\u00eda. La imagen recoge el detalle en un mapa de [&hellip;]<\/p>\n","protected":false},"author":1,"featured_media":0,"parent":0,"menu_order":0,"comment_status":"open","ping_status":"open","template":"","meta":[],"_links":{"self":[{"href":"https:\/\/www.carmenborregopla.es\/victoria\/wp-json\/wp\/v2\/pages\/483"}],"collection":[{"href":"https:\/\/www.carmenborregopla.es\/victoria\/wp-json\/wp\/v2\/pages"}],"about":[{"href":"https:\/\/www.carmenborregopla.es\/victoria\/wp-json\/wp\/v2\/types\/page"}],"author":[{"embeddable":true,"href":"https:\/\/www.carmenborregopla.es\/victoria\/wp-json\/wp\/v2\/users\/1"}],"replies":[{"embeddable":true,"href":"https:\/\/www.carmenborregopla.es\/victoria\/wp-json\/wp\/v2\/comments?post=483"}],"version-history":[{"count":52,"href":"https:\/\/www.carmenborregopla.es\/victoria\/wp-json\/wp\/v2\/pages\/483\/revisions"}],"predecessor-version":[{"id":486,"href":"https:\/\/www.carmenborregopla.es\/victoria\/wp-json\/wp\/v2\/pages\/483\/revisions\/486"}],"wp:attachment":[{"href":"https:\/\/www.carmenborregopla.es\/victoria\/wp-json\/wp\/v2\/media?parent=483"}],"curies":[{"name":"wp","href":"https:\/\/api.w.org\/{rel}","templated":true}]}}

<p><img loading="lazy" class="wp-image-484 alignleft" title="Siempre adelante" src="http://www.carmenborregopla.es/victoria/wp-content/uploads/2012/09/002_MCBP.jpg" alt="" width="497" height="470" srcset="https://www.carmenborregopla.es/victoria/wp-content/uploads/2012/09/002_MCBP.jpg 710w, https://www.carmenborregopla.es/victoria/wp-content/uploads/2012/09/002_MCBP-300x283.jpg 300w" sizes="(max-width: 497px) 100vw, 497px" /></p>
<address>La Nao Victoria, primera en circunnavegar el globo, representa y aúna los cuatro ejes de investigación de Borrego Plá: España y Andalucía, puntos de partida de sus viajes, América, punto esencial de referencia, y Jerez, a través de sus vinos, compañeros de viaje de esta travesía. La imagen recoge el detalle en un mapa de Abraham Ortelius, fechado en 1589.</p>
<p>&nbsp;</p>
<p>&nbsp;</p>
<p>&nbsp;</p>
<p>&nbsp;</p>
<p>&nbsp;</p>
<p>&nbsp;</p>
<p>&nbsp;</p>
<p><strong><em>“El 6 de septiembre de 1522 llegaba a Sanlúcar de Barrameda la Nao Victoria, “La Victoria”, después de más de tres años de penosa travesía.  Su hazaña: ser el primer navío en circunnavegar el planeta, en un viaje iniciado con un Magallanes que perdería la vida en el trayecto y finalizado con Juan Sebastián Elcano como jefe de la expedición. Tan sólo 18 hombres y una sola nave regresarían como supervivientes de los 237 tripulantes y cinco naos que partieron en 1519.</em></strong></p>
<p><strong><em>La estampa de Ortelius resume el espíritu pionero y descubridor de una época apasionante que ha sido objeto de estudio detallado por nuestra parte. Si a ello le sumamos que esta gesta, con el lema “siempre adelante”, había comenzado con las bodegas de las naves repletas de vino de Jerez, 508 botas de 30 arrobas, para el abasto de la marinería y como vaticinio de la internacionalización que le llegaría a nuestro vino, encontramos que en ella se resumen todos los elementos que hemos abordado con entusiasmo científico durante toda nuestra vida académica y profesional”.</em></strong></p>
<p><em> </em></p>
<h6><em>María del Carmen Borrego Plá</em></h6>
<div></div>
</address>

<p>La Nao Victoria, primera en circunnavegar el globo, representa y aúna los cuatro ejes de investigación de Borrego Plá: España y Andalucía, puntos de partida de sus viajes, América, punto esencial de referencia, y Jerez, a través de sus vinos, compañeros de viaje de esta travesía. La imagen recoge el detalle en un mapa de [&hellip;]</p>
