{"id":27,"date":"2012-07-26T09:59:19","date_gmt":"2012-07-26T09:59:19","guid":{"rendered":"http:\/\/www.carmenborregopla.es\/victoria\/?page_id=27"},"modified":"2012-10-13T16:07:46","modified_gmt":"2012-10-13T16:07:46","slug":"galardones-y-premios","status":"publish","type":"page","link":"https:\/\/www.carmenborregopla.es\/victoria\/galardones-y-premios\/","title":{"rendered":"Nombramientos y galardones"},"content":{"rendered":"<h5><img loading=\"lazy\" class=\"alignleft size-full wp-image-826\" title=\"GAL\" src=\"http:\/\/www.carmenborregopla.es\/victoria\/wp-content\/uploads\/2012\/07\/GAL.png\" alt=\"\" width=\"710\" height=\"440\" srcset=\"https:\/\/www.carmenborregopla.es\/victoria\/wp-content\/uploads\/2012\/07\/GAL.png 710w, https:\/\/www.carmenborregopla.es\/victoria\/wp-content\/uploads\/2012\/07\/GAL-300x185.png 300w\" sizes=\"(max-width: 710px) 100vw, 710px\" \/><\/h5>\n<address>Detalle de un mapa de Antonio Herrera y Tordesillas que recoge la llegada a Sanl\u00facar de la Nao Victoria. Se conserva en la Biblioteca Nacional.<\/address>\n<p>&nbsp;<\/p>\n<h5 style=\"text-align: center;\">1992<\/h5>\n<p>Miembro del <strong>Patronato de la Fundaci\u00f3n Universidad Carlos III<\/strong>, con fines educativos.<\/p>\n<h5 style=\"text-align: center;\">1999<\/h5>\n<p><strong><em><\/em><\/strong>Concesi\u00f3n del <strong>Gourmand World Cookbook Awards 1999. <\/strong><strong>The Best Book on Wine History in the World in spanish <\/strong>(Premio Internacional al Mejor Libro en Espa\u00f1ol sobre Historia del Vino) a la obra <em>El Jerez, hacedor de Cultura<\/em>, otorgado por la Revista ICR. International Cookbook Review dirigida por Edouard Cointreau, Par\u00eds (Francia). Par\u00eds (Francia).<\/p>\n<h5 style=\"text-align: center;\">1999<\/h5>\n<p>Nombramiento de<strong> Acad\u00e9mico Numerario de la Academia Colombiana de la Historia<\/strong>. Bogot\u00e1 (Colombia). Ingreso con el discurso \u201cCartagena de Indias y el r\u00edo Magdalena\u201d.<\/p>\n<h5 style=\"text-align: center;\">2002<\/h5>\n<p>Miembro del Jurado que fall\u00f3 el concurso anual de monograf\u00edas \u201cNuestra Am\u00e9rica\u201d convocado por la Diputaci\u00f3n de Sevilla, la Universidad de Sevilla y el Consejo Superior de Investigaciones Cient\u00edficas de Madrid.<\/p>\n<h5 style=\"text-align: center;\">2003<\/h5>\n<p>Concesi\u00f3n del <strong>Gourmand Spain Cookbook Awards 2003. <\/strong><strong>The Best Book on Wine History in spanish <\/strong>(Premio Nacional al Mejor Libro en Espa\u00f1ol sobre Historia del Vino) al segundo volumen de la obra <em>El Jerez, hacedor de Cultura<\/em>, otorgado por la Revista ICR. International Cookbook Review dirigida por Edouard Cointreau, Par\u00eds (Francia).<\/p>\n<h5 style=\"text-align: center;\">2003<\/h5>\n<p>Menci\u00f3n de honor en la final del <strong>Gourmand World Cookbook Awards 2003. The Best Book on Wine History in the World in spanish <\/strong>(Premio Internacional al Mejor Libro en Espa\u00f1ol sobre Historia del Vino)al segundo volumen de la obra\u00a0 <em>El Jerez, hacedor de Cultura<\/em>, otorgado por la Revista ICR. International Cookbook Review dirigida por Edouard Cointreau, Par\u00eds (Francia).<\/p>\n<h5 style=\"text-align: center;\">2004<\/h5>\n<p>Nombramiento como Vicepresidenta, primero, y Presidenta, desde 2007 y en la actualidad, del Patronato que rige la <strong>Fundaci\u00f3n Palmira Pl\u00e1<\/strong>, con fines de car\u00e1cter social y educativo.\u00a0<a href=\"http:\/\/www.fundacionpalmirapla.com\/\">http:\/\/www.fundacionpalmirapla.com\/<\/a><\/p>\n<h5 style=\"text-align: center;\">2005<\/h5>\n<p>El libro <strong><em>Vinos de Jerez<\/em><\/strong><em>,<\/em>\u00a0en el que la autora colabora, es elegido como <strong>\u201cEl Mejor del Mundo\u201d en la categor\u00eda \u201cMejor libro sobre Vinos Europeos\u201d<\/strong>. Gourmand World Media Awards 2005. \u2013Todos los detalles sobre el citado premio est\u00e1n publicados en el \u201cGourmand yearbook 2006\u201d.<\/p>\n<h5 style=\"text-align: center;\">2006<\/h5>\n<p>Nombramiento como Acad\u00e9mico Correspondiente de<strong> la Real Academia de Ciencias, Artes y Letras de San Dionisio<\/strong>. Jerez de la Frontera. C\u00e1diz.<\/p>\n<h5 style=\"text-align: center;\">2009<\/h5>\n<p>Nombramiento como Acad\u00e9mico Numerario de<strong> la Real Academia de Ciencias, Artes y Letras de San Dionisio<\/strong>. Jerez de la Frontera. C\u00e1diz. Ingreso con el discurso \u201cLa mentalidad del Jerez: naturales, jen\u00edzaros y for\u00e1neos\u201d.<\/p>\n<p>&nbsp;<\/p>\n","protected":false},"excerpt":{"rendered":"<p>Detalle de un mapa de Antonio Herrera y Tordesillas que recoge la llegada a Sanl\u00facar de la Nao Victoria. Se conserva en la Biblioteca Nacional. &nbsp; 1992 Miembro del Patronato de la Fundaci\u00f3n Universidad Carlos III, con fines educativos. 1999 Concesi\u00f3n del Gourmand World Cookbook Awards 1999. The Best Book on Wine History in the [&hellip;]<\/p>\n","protected":false},"author":1,"featured_media":0,"parent":0,"menu_order":0,"comment_status":"open","ping_status":"open","template":"","meta":[],"_links":{"self":[{"href":"https:\/\/www.carmenborregopla.es\/victoria\/wp-json\/wp\/v2\/pages\/27"}],"collection":[{"href":"https:\/\/www.carmenborregopla.es\/victoria\/wp-json\/wp\/v2\/pages"}],"about":[{"href":"https:\/\/www.carmenborregopla.es\/victoria\/wp-json\/wp\/v2\/types\/page"}],"author":[{"embeddable":true,"href":"https:\/\/www.carmenborregopla.es\/victoria\/wp-json\/wp\/v2\/users\/1"}],"replies":[{"embeddable":true,"href":"https:\/\/www.carmenborregopla.es\/victoria\/wp-json\/wp\/v2\/comments?post=27"}],"version-history":[{"count":56,"href":"https:\/\/www.carmenborregopla.es\/victoria\/wp-json\/wp\/v2\/pages\/27\/revisions"}],"predecessor-version":[{"id":188,"href":"https:\/\/www.carmenborregopla.es\/victoria\/wp-json\/wp\/v2\/pages\/27\/revisions\/188"}],"wp:attachment":[{"href":"https:\/\/www.carmenborregopla.es\/victoria\/wp-json\/wp\/v2\/media?parent=27"}],"curies":[{"name":"wp","href":"https:\/\/api.w.org\/{rel}","templated":true}]}}

<h5><img loading="lazy" class="alignleft size-full wp-image-826" title="GAL" src="http://www.carmenborregopla.es/victoria/wp-content/uploads/2012/07/GAL.png" alt="" width="710" height="440" srcset="https://www.carmenborregopla.es/victoria/wp-content/uploads/2012/07/GAL.png 710w, https://www.carmenborregopla.es/victoria/wp-content/uploads/2012/07/GAL-300x185.png 300w" sizes="(max-width: 710px) 100vw, 710px" /></h5>
<address>Detalle de un mapa de Antonio Herrera y Tordesillas que recoge la llegada a Sanlúcar de la Nao Victoria. Se conserva en la Biblioteca Nacional.</address>
<p>&nbsp;</p>
<h5 style="text-align: center;">1992</h5>
<p>Miembro del <strong>Patronato de la Fundación Universidad Carlos III</strong>, con fines educativos.</p>
<h5 style="text-align: center;">1999</h5>
<p><strong><em></em></strong>Concesión del <strong>Gourmand World Cookbook Awards 1999. </strong><strong>The Best Book on Wine History in the World in spanish </strong>(Premio Internacional al Mejor Libro en Español sobre Historia del Vino) a la obra <em>El Jerez, hacedor de Cultura</em>, otorgado por la Revista ICR. International Cookbook Review dirigida por Edouard Cointreau, París (Francia). París (Francia).</p>
<h5 style="text-align: center;">1999</h5>
<p>Nombramiento de<strong> Académico Numerario de la Academia Colombiana de la Historia</strong>. Bogotá (Colombia). Ingreso con el discurso “Cartagena de Indias y el río Magdalena”.</p>
<h5 style="text-align: center;">2002</h5>
<p>Miembro del Jurado que falló el concurso anual de monografías “Nuestra América” convocado por la Diputación de Sevilla, la Universidad de Sevilla y el Consejo Superior de Investigaciones Científicas de Madrid.</p>
<h5 style="text-align: center;">2003</h5>
<p>Concesión del <strong>Gourmand Spain Cookbook Awards 2003. </strong><strong>The Best Book on Wine History in spanish </strong>(Premio Nacional al Mejor Libro en Español sobre Historia del Vino) al segundo volumen de la obra <em>El Jerez, hacedor de Cultura</em>, otorgado por la Revista ICR. International Cookbook Review dirigida por Edouard Cointreau, París (Francia).</p>
<h5 style="text-align: center;">2003</h5>
<p>Mención de honor en la final del <strong>Gourmand World Cookbook Awards 2003. The Best Book on Wine History in the World in spanish </strong>(Premio Internacional al Mejor Libro en Español sobre Historia del Vino)al segundo volumen de la obra  <em>El Jerez, hacedor de Cultura</em>, otorgado por la Revista ICR. International Cookbook Review dirigida por Edouard Cointreau, París (Francia).</p>
<h5 style="text-align: center;">2004</h5>
<p>Nombramiento como Vicepresidenta, primero, y Presidenta, desde 2007 y en la actualidad, del Patronato que rige la <strong>Fundación Palmira Plá</strong>, con fines de carácter social y educativo. <a href="http://www.fundacionpalmirapla.com/">http://www.fundacionpalmirapla.com/</a></p>
<h5 style="text-align: center;">2005</h5>
<p>El libro <strong><em>Vinos de Jerez</em></strong><em>,</em> en el que la autora colabora, es elegido como <strong>“El Mejor del Mundo” en la categoría “Mejor libro sobre Vinos Europeos”</strong>. Gourmand World Media Awards 2005. –Todos los detalles sobre el citado premio están publicados en el “Gourmand yearbook 2006”.</p>
<h5 style="text-align: center;">2006</h5>
<p>Nombramiento como Académico Correspondiente de<strong> la Real Academia de Ciencias, Artes y Letras de San Dionisio</strong>. Jerez de la Frontera. Cádiz.</p>
<h5 style="text-align: center;">2009</h5>
<p>Nombramiento como Académico Numerario de<strong> la Real Academia de Ciencias, Artes y Letras de San Dionisio</strong>. Jerez de la Frontera. Cádiz. Ingreso con el discurso “La mentalidad del Jerez: naturales, jenízaros y foráneos”.</p>
<p>&nbsp;</p>

<p>Detalle de un mapa de Antonio Herrera y Tordesillas que recoge la llegada a Sanlúcar de la Nao Victoria. Se conserva en la Biblioteca Nacional. &nbsp; 1992 Miembro del Patronato de la Fundación Universidad Carlos III, con fines educativos. 1999 Concesión del Gourmand World Cookbook Awards 1999. The Best Book on Wine History in the [&hellip;]</p>
