{"id":1027,"date":"2019-11-01T21:22:13","date_gmt":"2019-11-01T21:22:13","guid":{"rendered":"http:\/\/www.carmenborregopla.es\/victoria\/?page_id=1027"},"modified":"2019-11-01T21:48:20","modified_gmt":"2019-11-01T21:48:20","slug":"multimedia","status":"publish","type":"page","link":"https:\/\/www.carmenborregopla.es\/victoria\/multimedia\/","title":{"rendered":"Multimedia"},"content":{"rendered":"\n<div class=\"wp-block-image\"><figure class=\"aligncenter is-resized\"><img loading=\"lazy\" src=\"http:\/\/www.carmenborregopla.es\/victoria\/wp-content\/uploads\/2019\/11\/DUY1hTXW0AAFR-w-1024x554.jpg\" alt=\"\" class=\"wp-image-1028\" width=\"560\" height=\"302\" srcset=\"https:\/\/www.carmenborregopla.es\/victoria\/wp-content\/uploads\/2019\/11\/DUY1hTXW0AAFR-w-1024x554.jpg 1024w, https:\/\/www.carmenborregopla.es\/victoria\/wp-content\/uploads\/2019\/11\/DUY1hTXW0AAFR-w-300x162.jpg 300w, https:\/\/www.carmenborregopla.es\/victoria\/wp-content\/uploads\/2019\/11\/DUY1hTXW0AAFR-w-768x415.jpg 768w, https:\/\/www.carmenborregopla.es\/victoria\/wp-content\/uploads\/2019\/11\/DUY1hTXW0AAFR-w.jpg 1200w\" sizes=\"(max-width: 560px) 100vw, 560px\" \/><figcaption>La doctora Borrego Pl\u00e1 participa con asiduidad en programas divulgativos<\/figcaption><\/figure><\/div>\n\n\n\n<p> La posibilidad de contribuir a que el conocimiento cient\u00edfico llegue al gran p\u00fablico es uno de los aspectos que m\u00e1s interesa a la doctora Borrego Pl\u00e1. Ello la mueve a participar y compartir sus conocimientos en diferentes materias, cuando se lo requieren desde distintos medios de comunicaci\u00f3n, nacionales o internacionales. Asimismo, algunas de sus intervenciones en  distintos congresos y ponencias son accesibles gracias a las actuales plataformas digitales multimedia.<\/p>\n\n\n\n<ul><li><strong>2019:<\/strong> C\u00e1tedra del Vino. Consejo Regulador del Xerez. <a href=\"https:\/\/youtu.be\/KDvo0GrY_yk\">\u00abEl jerez de 1519: a las puertas de un laberinto oce\u00e1nico de especias, porcelana y seda\u00bb.<\/a><\/li><li>2019: Entrevista en el programa Los Reporteros de Canal Sur TV para el especial sobre la primera circunnavegaci\u00f3n del planeta. El programa completo puede verse <a href=\"http:\/\/www.canalsur.es\/television\/se-cumplen-500-anos-de-la-primera-vuelta-al-mundo-de-magallanes-y-elcano-\/1459444.html\">aqu\u00ed.<\/a><\/li><li><strong>2017<\/strong>:  Conferencia en el Ateneo de Jerez. <a href=\"https:\/\/www.youtube.com\/watch?v=WAr0iXbtQE8\">\u00abC\u00e1diz, Casa de Contrataci\u00f3n y vino de Jerez: 1717-1750\u201d.<br \/><\/a><\/li><li><strong>2017<\/strong>: Conferencia en el II Congreso Internacional sobre la Primera Vuelta al Mundo In medio orbe. <a href=\"https:\/\/www.youtube.com\/watch?v=hDw1O8A6bfg\">\u00abLa tierra era redonda; revoluciones e intercambios en la alimentaci\u00f3n entre dos mundos\u00bb .<\/a><\/li><li><strong>2016:<\/strong> Conferencia en el Ateneo de Jerez. <a href=\"https:\/\/www.youtube.com\/watch?v=JxrXxbKVjJk\">\u00abEl jerez a mediados del XIX: una mirada retrospectiva\u00bb.<\/a><\/li><li><strong>2014<\/strong>: Conferencia en el Ateneo de Jerez. <a href=\"https:\/\/www.youtube.com\/watch?v=yVttkyYDIm8\">\u00abMujer, vino y etiquetas en el Jerez de 1900\u00bb.<\/a><\/li><li><strong>2013:<\/strong> Entrevista en el programa de  Eduardo Dominguez Lobato \u00abPuerta de Am\u00e9rica\u00bb en Sol TV, 12 de Julio. Para ver la entrevista completa, pulse <a href=\"https:\/\/www.youtube.com\/watch?time_continue=13&amp;v=SvzTfwMkMzI\">aqu\u00ed.<\/a><\/li><\/ul>\n\n\n\n<p><\/p>\n\n\n\n<h4><\/h4>\n","protected":false},"excerpt":{"rendered":"<p>La posibilidad de contribuir a que el conocimiento cient\u00edfico llegue al gran p\u00fablico es uno de los aspectos que m\u00e1s interesa a la doctora Borrego Pl\u00e1. Ello la mueve a participar y compartir sus conocimientos en diferentes materias, cuando se lo requieren desde distintos medios de comunicaci\u00f3n, nacionales o internacionales. Asimismo, algunas de sus intervenciones [&hellip;]<\/p>\n","protected":false},"author":1,"featured_media":0,"parent":0,"menu_order":0,"comment_status":"closed","ping_status":"closed","template":"","meta":[],"_links":{"self":[{"href":"https:\/\/www.carmenborregopla.es\/victoria\/wp-json\/wp\/v2\/pages\/1027"}],"collection":[{"href":"https:\/\/www.carmenborregopla.es\/victoria\/wp-json\/wp\/v2\/pages"}],"about":[{"href":"https:\/\/www.carmenborregopla.es\/victoria\/wp-json\/wp\/v2\/types\/page"}],"author":[{"embeddable":true,"href":"https:\/\/www.carmenborregopla.es\/victoria\/wp-json\/wp\/v2\/users\/1"}],"replies":[{"embeddable":true,"href":"https:\/\/www.carmenborregopla.es\/victoria\/wp-json\/wp\/v2\/comments?post=1027"}],"version-history":[{"count":14,"href":"https:\/\/www.carmenborregopla.es\/victoria\/wp-json\/wp\/v2\/pages\/1027\/revisions"}],"predecessor-version":[{"id":1043,"href":"https:\/\/www.carmenborregopla.es\/victoria\/wp-json\/wp\/v2\/pages\/1027\/revisions\/1043"}],"wp:attachment":[{"href":"https:\/\/www.carmenborregopla.es\/victoria\/wp-json\/wp\/v2\/media?parent=1027"}],"curies":[{"name":"wp","href":"https:\/\/api.w.org\/{rel}","templated":true}]}}

<div class="wp-block-image"><figure class="aligncenter is-resized"><img loading="lazy" src="http://www.carmenborregopla.es/victoria/wp-content/uploads/2019/11/DUY1hTXW0AAFR-w-1024x554.jpg" alt="" class="wp-image-1028" width="560" height="302" srcset="https://www.carmenborregopla.es/victoria/wp-content/uploads/2019/11/DUY1hTXW0AAFR-w-1024x554.jpg 1024w, https://www.carmenborregopla.es/victoria/wp-content/uploads/2019/11/DUY1hTXW0AAFR-w-300x162.jpg 300w, https://www.carmenborregopla.es/victoria/wp-content/uploads/2019/11/DUY1hTXW0AAFR-w-768x415.jpg 768w, https://www.carmenborregopla.es/victoria/wp-content/uploads/2019/11/DUY1hTXW0AAFR-w.jpg 1200w" sizes="(max-width: 560px) 100vw, 560px" /><figcaption>La doctora Borrego Plá participa con asiduidad en programas divulgativos</figcaption></figure></div>



<p> La posibilidad de contribuir a que el conocimiento científico llegue al gran público es uno de los aspectos que más interesa a la doctora Borrego Plá. Ello la mueve a participar y compartir sus conocimientos en diferentes materias, cuando se lo requieren desde distintos medios de comunicación, nacionales o internacionales. Asimismo, algunas de sus intervenciones en  distintos congresos y ponencias son accesibles gracias a las actuales plataformas digitales multimedia.</p>



<ul><li><strong>2019:</strong> Cátedra del Vino. Consejo Regulador del Xerez. <a href="https://youtu.be/KDvo0GrY_yk">«El jerez de 1519: a las puertas de un laberinto oceánico de especias, porcelana y seda».</a></li><li>2019: Entrevista en el programa Los Reporteros de Canal Sur TV para el especial sobre la primera circunnavegación del planeta. El programa completo puede verse <a href="http://www.canalsur.es/television/se-cumplen-500-anos-de-la-primera-vuelta-al-mundo-de-magallanes-y-elcano-/1459444.html">aquí.</a></li><li><strong>2017</strong>:  Conferencia en el Ateneo de Jerez. <a href="https://www.youtube.com/watch?v=WAr0iXbtQE8">«Cádiz, Casa de Contratación y vino de Jerez: 1717-1750”.<br /></a></li><li><strong>2017</strong>: Conferencia en el II Congreso Internacional sobre la Primera Vuelta al Mundo In medio orbe. <a href="https://www.youtube.com/watch?v=hDw1O8A6bfg">«La tierra era redonda; revoluciones e intercambios en la alimentación entre dos mundos» .</a></li><li><strong>2016:</strong> Conferencia en el Ateneo de Jerez. <a href="https://www.youtube.com/watch?v=JxrXxbKVjJk">«El jerez a mediados del XIX: una mirada retrospectiva».</a></li><li><strong>2014</strong>: Conferencia en el Ateneo de Jerez. <a href="https://www.youtube.com/watch?v=yVttkyYDIm8">«Mujer, vino y etiquetas en el Jerez de 1900».</a></li><li><strong>2013:</strong> Entrevista en el programa de  Eduardo Dominguez Lobato «Puerta de América» en Sol TV, 12 de Julio. Para ver la entrevista completa, pulse <a href="https://www.youtube.com/watch?time_continue=13&amp;v=SvzTfwMkMzI">aquí.</a></li></ul>



<p></p>



<h4></h4>

<p>La posibilidad de contribuir a que el conocimiento científico llegue al gran público es uno de los aspectos que más interesa a la doctora Borrego Plá. Ello la mueve a participar y compartir sus conocimientos en diferentes materias, cuando se lo requieren desde distintos medios de comunicación, nacionales o internacionales. Asimismo, algunas de sus intervenciones [&hellip;]</p>
